In base 8, what is 314 - 15546?
-15232
In base 12, what is -181 + 12?
-16b
In base 7, what is -35244 + -3?
-35250
In base 14, what is ad - -783b?
790a
In base 5, what is -3341 - 400?
-4241
In base 7, what is -1 + -2543153?
-2543154
In base 13, what is -2436 + -11?
-2447
In base 8, what is -1630 + 43?
-1565
In base 8, what is 55713 + 4?
55717
In base 4, what is 120101033 - -10?
120101103
In base 16, what is -3 + -540?
-543
In base 6, what is -41142 + -4?
-41150
In base 4, what is -110101330 + -232?
-110102222
In base 16, what is -4 - -4565?
4561
In base 5, what is 20422 + 3?
20430
In base 4, what is -1 - -2320313?
2320312
In base 12, what is -30ba - -22?
-3098
In base 10, what is -384 + 1155?
771
In base 9, what is -3 + -3232?
-3235
In base 6, what is 43 - 200413?
-200330
In base 16, what is -23 - 3e2?
-405
In base 9, what is -148 - -173?
24
In base 6, what is -2150 - -25?
-2121
In base 12, what is 6 - -82b44?
82b4a
In base 7, what is -20434243 - 1?
-20434244
In base 5, what is 3113 - 120203?
-112040
In base 16, what is -8 - -678?
670
In base 8, what is -21434 - -6?
-21426
In base 6, what is -5325105 + 5?
-5325100
In base 8, what is 63547 + 2?
63551
In base 15, what is d - 195b?
-194d
In base 13, what is 4 + 12c5?
12c9
In base 4, what is -10 - 2013003003?
-2013003013
In base 7, what is 15301 + 3002?
21303
In base 7, what is 4 - -431510?
431514
In base 5, what is 4212 + 13130?
22342
In base 11, what is -428aa + -1?
-42900
In base 16, what is 594 + 81?
615
In base 6, what is 300 + 113?
413
In base 7, what is 4 - 12104454?
-12104450
In base 15, what is 1 - -31c3e?
31c40
In base 10, what is -870 - 73?
-943
In base 11, what is -99 - -234?
146
In base 16, what is 113 + ee?
201
In base 3, what is 200 + -100221021012?
-100221020112
In base 7, what is 115 - 665?
-550
In base 7, what is 2 - 1020322?
-1020320
In base 2, what is 10 - -1011100101101001?
1011100101101011
In base 8, what is -1 + 17403?
17402
In base 14, what is 38 - -6206?
6240
In base 3, what is 12 - 1120220211202?
-1120220211120
In base 7, what is 1246 + 14?
1263
In base 8, what is 7 - 13435?
-13426
In base 2, what is -1011001 + -110010100?
-111101101
In base 2, what is 11100111010 + 1111011?
11110110101
In base 13, what is -2 + 101443?
101441
In base 2, what is 11110001 - 10110?
11011011
In base 10, what is -2933 + -42?
-2975
In base 4, what is -12012 - -1102?
-10310
In base 14, what is 5 + 1062?
1067
In base 10, what is -1 + 20702?
20701
In base 13, what is -95c - -8?
-954
In base 5, what is 10142240 - -314?
10143104
In base 2, what is 1001011011 - 100100011?
100111000
In base 3, what is -2022 - 221120?
-1000212
In base 14, what is -19604 - 3?
-19607
In base 4, what is -2323 - -3320?
331
In base 5, what is 312131 + -324?
311302
In base 14, what is 2c - 1d1a?
-1ccc
In base 16, what is -d932 + -2?
-d934
In base 2, what is -1001 - 100011010000010101?
-100011010000011110
In base 10, what is 59 - -20129?
20188
In base 14, what is -2 - 14b38?
-14b3a
In base 15, what is 333b6 + 3?
333b9
In base 8, what is -67 + -40207?
-40276
In base 9, what is 17 - -80745?
80763
In base 7, what is 451 + -110?
341
In base 5, what is 43 - 232?
-134
In base 10, what is 374153 - 5?
374148
In base 12, what is -10 + -3b7b?
-3b8b
In base 4, what is 0 + 1110012302?
1110012302
In base 2, what is -11001111 - -1001101011101?
1001010001110
In base 2, what is 1010000101111010001 - 1?
1010000101111010000
In base 9, what is 2165 - 3?
2162
In base 4, what is -2003 - -103?
-1300
In base 7, what is 555 + 4114?
5002
In base 2, what is -101 - 100111111100110?
-100111111101011
In base 14, what is -9b5 - b32?
-1707
In base 4, what is 21 + -1121333131?
-1121333110
In base 14, what is -2116 + 27b?
-1c79
In base 6, what is 135504213 + -3?
135504210
In base 4, what is 3 + -333303332?
-333303323
In base 14, what is -4 + 60831?
6082b
In base 12, what is -4548 - 0?
-4548
In base 13, what is -3 + 95080?
9507a
In base 12, what is 1455 - 26?
142b
In base 9, what is -2263654 + -2?
-2263656
In base 3, what is -2 - 202012112100?
-202012112102
In base 11, what is -5 + 5a041?
5a037
In base 3, what is 10 + 102021210010?
102021210020
In base 13, what is -2ab - -78?
-233
In base 16, what is -bf + 208e?
1fcf
In base 3, what is 102020201 + 10?
102020211
In base 5, what is -2134130 + -11?
-2134141
In base 2, what is -1 - -11000000000000010?
11000000000000001
In base 11, what is 3552 + 24?
3576
In base 9, what is -112741 + -5?
-112746
In base 15, what is 124 - -41?
165
In base 4, what is -101133122 + 21?
-101133101
In base 6, what is -2452 + 1301?
-1151
In base 8, what is -16 + -5640?
-5656
In base 2, what is -11010101100011 - 100?
-11010101100111
In base 12, what is -7a - -35?
-45
In base 7, what is -4363 - -340?
-4023
In base 14, what is 5 + 16d415?
16d41a
In base 6, what is -111 + -144010?
-144121
In base 15, what is -23 - -8dc1?
8d9d
In base 8, what is -201106 - 27?
-201135
In base 13, what is 1b4 - -131?
315
In base 2, what is 0 + 110111111101?
110111111101
In base 5, what is 13 + -13022003?
-13021440
In base 8, what is -12 - -50?
36
In base 6, what is -3 - 2335133?
-2335140
In base 11, what is 39237 + -4?
39233
In base 6, what is -1 - -32133?
32132
In base 9, what is -1273 - 216?
-1500
In base 11, what is -3720 - 269?
-3989
In base 7, what is -230 + 1315?
1055
In base 10, what is 2534 + -5?
2529
In base 4, what is 1 - -1202211031?
1202211032
In base 7, what is 2261261 + -15?
2261243
In base 14, what is -1 - 1597b?
-1597c
In base 6, what is 23142530 + 10?
23142540
In base 5, what is 4300 - -13?
4313
In base 14, what is -84 - 129?
-1ad
In base 12, what is -1ab - 13a3?
-1592
In base 6, what is -41135 - 1212?
-42351
In base 7, what is -2211 - -1003?
-1205
In base 16, what is -a30 + -67?
-a97
In base 2, what is 100100111 - 1001011001?
-100110010
In base 13, what is -1038 + 3a8?
-960
In base 10, what is 2154 - -853?
3007
In base 6, what is -10544112 - 2?
-10544114
In base 8, what is 43 - -6753?
7016
In base 14, what is 42a62 + -4?
42a5c
In base 16, what is 12c1c0 - 0?
12c1c0
In base 16, what is 26 + -4591?
-456b
In base 2, what is -11011 - 11010101100001?
-11010101111100
In base 8, what is 1 - -674271?
674272
In base 6, what is -121 - 20004?
-20125
In base 11, what is -11 + 172?
161
In base 9, what is -46 - 187?
-244
In base 9, what is 147738 + 4?
147743
In base 10, what is 161 + 303?
464
In base 13, what is -a + 1481a6?
148199
In base 7, what is 3 - 646441?
-646435
In base 2, what is 10 + -11110010011000111011?
-11110010011000111001
In base 13, what is 22 + 21bba?
21c0c
In base 7, what is -16 - -35644?
35625
In base 10, what is -45492 + -5?
-45497
In base 11, what is 175 + 95?
25a
In base 8, what is 15723 + 27?
15752
In base 8, what is 3 - -253543?
253546
In base 3, what is -1102200111021 + -1?
-1102200111022
In base 13, what is 2208 + -9?
21cc
In base 13, what is -1bc2 - a1?
-1c93
In base 6, what is 2351 + -225?
2122
In base 8, what is 0 - -67123?
67123
In base 6, what is 215442510 - -3?
215442513
In base 12, what is -1 - 235b6?
-235b7
In base 4, what is -201 - -33003?
32202
In base 12, what is -393411 - -2?
-39340b
In base 5, what is 144 - -1033442?
1034141
In base 2, what is -11 - -100111100001001?
100111100000110
In base 15, what is 1a6 - -114e?
1305
In base 11, what is 4 - -8195?
8199
In base 9, what is 3402 + -138?
3253
In base 2, what is -1010 - -1001101000110000?
1001101000100110
In base 2, what is -100011011000111 + 11000010?
-100011000000101
In base 12, what is -a50 + 19?
-a33
In base 3, what is 12 + -1122101011?
-1122100222
In base 10, what is 1 + 594741?
594742
In base 8, what is -3 + 241737?
241734
In base 16, what is 51 - 7a66?
-7a15
In base 5, what is 112321 - -213?
113034
In base 5, what is -12 + -200134?
-200201
In base 16, what is 3 + e494?
e497
In base 4, what is 2012230 + -1?
2012223
In base 2, what is 100000010011 - -11100101?
100011111000
In base 11, what is -64 - 9a7?
-a60
In base 7, what is 5131343 - -2?
5131345
In base 10, what is -696111 - 3?
-696114
In base 4, what is 100303 - -201020?
301323
In base 9, what is -2422 - -144?
-2267
In base 12, what is 4 - -3386?
338a
In base 3, what is 12 + 11100221022?
11100221111
In base 13, what is 2 - -140a4?
140a6
In base 2, what is 111101100001 + -1110?
111101010011
In base 9, what i